{"id":219,"date":"2018-11-12T15:38:27","date_gmt":"2018-11-12T15:38:27","guid":{"rendered":"https:\/\/nmszistersdorf.ac.at\/?page_id=219"},"modified":"2022-09-29T13:04:01","modified_gmt":"2022-09-29T13:04:01","slug":"erfolge","status":"publish","type":"page","link":"https:\/\/nmszistersdorf.ac.at\/?page_id=219","title":{"rendered":"Erfolge"},"content":{"rendered":"\n<h3 class=\"wp-block-heading\"><strong><em>G\u00fctesiegel f\u00fcr Berufsorientierung<\/em><\/strong><\/h3>\n\n\n\n<p>Mit dem BO-G\u00fctesiegel werden Schulen ausgezeichnet, die Berufsorientierung fix und kontinuierlich in ihren Ablauf integriert haben &#8211; von der Umsetzung im Unterricht bis zu weiterf\u00fchrenden Initiativen wie eigenen Elternabenden, Betriebsbesuchen oder berufspraktischen Tagen.<\/p>\n\n\n\n<p>Um die Qualit\u00e4t des Berufsorientierungsunterrichts an unserer Schule stetig weiterzuentwickeln, bem\u00fchen wir uns schon mehrere Jahre das BO-G\u00fctesiegel der WKN\u00d6 zu erwerben. Wir erhielten diese Zertifizierung 2020 bereits zum dritten Mal.<\/p>\n\n\n\n<h3 class=\"wp-block-heading\"><strong><em>Sportg\u00fctesiegel in GOLD f\u00fcr die MS Zistersdorf<\/em> <\/strong><\/h3>\n\n\n\n<p>Die Mittelschule Zistersdorf\nist stets bem\u00fcht, den Sch\u00fclerinnen und Sch\u00fclern ein vielf\u00e4ltiges Angebot zu\nbieten. Dies wurde nun im Bereich \u201eBewegung und Sport\u201c honoriert, indem unsere\nSchule vom Bundesministerium mit dem <strong>\u201eSportg\u00fctesiegel\nin Gold\u201c<\/strong> sowie mit dem G\u00fctesiegel <strong>\u201eSport-\nund Bewegungsfreundliche Schule\u201c<\/strong> ausgezeichnet wurde.<\/p>\n\n\n\n<p>Zu den Hauptkriterien f\u00fcr diese Erfolge z\u00e4hlen unter\nanderem die Teilnahme an Sportwettk\u00e4mpfen, das Erlangen von Sportabzeichen, die\ngenerelle sportliche Ausrichtung des Bewegungsalltages an den Schulen, aber\nauch die vielen Zusatzangebote wie zum Beispiel \u201eFreude am Sport\u201c, Tischtennis,\nFu\u00dfball oder Volleyball. <\/p>\n\n\n\n<p>Es ist dies eine besondere Anerkennung f\u00fcr die MS\nZistersdorf, die sich durch besondere Aktivit\u00e4ten im Bereich \u201eBewegung und\nSport\u201c stets um ein gesundheitsorientiertes Schulleben bem\u00fcht.<\/p>\n\n\n\n<p>Herzliche Gratulation an die verantwortlichen Lehrkr\u00e4fte, durch ihren Einsatz konnte diese Auszeichnung erreicht werden! <\/p>\n\n\n\n<figure class=\"wp-block-image\"><img fetchpriority=\"high\" decoding=\"async\" width=\"778\" height=\"657\" src=\"https:\/\/nmszistersdorf.ac.at\/wp-content\/uploads\/2020\/12\/grafik.png\" alt=\"\" class=\"wp-image-803\" srcset=\"https:\/\/nmszistersdorf.ac.at\/wp-content\/uploads\/2020\/12\/grafik.png 778w, https:\/\/nmszistersdorf.ac.at\/wp-content\/uploads\/2020\/12\/grafik-300x253.png 300w, https:\/\/nmszistersdorf.ac.at\/wp-content\/uploads\/2020\/12\/grafik-768x649.png 768w\" sizes=\"(max-width: 778px) 100vw, 778px\" \/><\/figure>\n\n\n<table style=\"width: 100%; border-collapse: collapse;\" cellspacing=\"1\">\n<tbody>\n<tr>\n<td style=\"width: 50%; text-align: right;\"><strong>Landesolympiasieger in Mathematik<br><\/strong>Johannes Stella (SJ 2017 \/ 18) wurde nieder\u00f6sterreichischer Landesolympiasieger in Mathematik. Au\u00dferdem konnte er den PANGEA Wettbewerb f\u00fcr sich entscheiden.<p><\/p>\n<p><\/p>\n<p><em>Herzliche Gratulation, Johannes<\/em><\/p>\n<\/td>\n<td style=\"width: 50%;\"><img decoding=\"async\" class=\"alignnone size-medium wp-image-220\" src=\"https:\/\/nmszistersdorf.ac.at\/wp-content\/uploads\/2018\/11\/StellaJohannes-300x293.jpg\" alt=\"\" width=\"300\" height=\"293\" srcset=\"https:\/\/nmszistersdorf.ac.at\/wp-content\/uploads\/2018\/11\/StellaJohannes-300x293.jpg 300w, https:\/\/nmszistersdorf.ac.at\/wp-content\/uploads\/2018\/11\/StellaJohannes.jpg 450w\" sizes=\"(max-width: 300px) 100vw, 300px\" \/><\/td>\n<\/tr>\n<\/tbody>\n<\/table>","protected":false},"excerpt":{"rendered":"<p>G\u00fctesiegel f\u00fcr Berufsorientierung Mit dem BO-G\u00fctesiegel werden Schulen ausgezeichnet, die Berufsorientierung fix und kontinuierlich in ihren Ablauf integriert haben &#8211; von der Umsetzung im Unterricht bis zu weiterf\u00fchrenden Initiativen wie [&#8230;]<\/p>\n","protected":false},"author":5,"featured_media":0,"parent":0,"menu_order":0,"comment_status":"closed","ping_status":"closed","template":"","meta":{"footnotes":""},"class_list":["post-219","page","type-page","status-publish","hentry"],"_links":{"self":[{"href":"https:\/\/nmszistersdorf.ac.at\/index.php?rest_route=\/wp\/v2\/pages\/219","targetHints":{"allow":["GET"]}}],"collection":[{"href":"https:\/\/nmszistersdorf.ac.at\/index.php?rest_route=\/wp\/v2\/pages"}],"about":[{"href":"https:\/\/nmszistersdorf.ac.at\/index.php?rest_route=\/wp\/v2\/types\/page"}],"author":[{"embeddable":true,"href":"https:\/\/nmszistersdorf.ac.at\/index.php?rest_route=\/wp\/v2\/users\/5"}],"replies":[{"embeddable":true,"href":"https:\/\/nmszistersdorf.ac.at\/index.php?rest_route=%2Fwp%2Fv2%2Fcomments&post=219"}],"version-history":[{"count":8,"href":"https:\/\/nmszistersdorf.ac.at\/index.php?rest_route=\/wp\/v2\/pages\/219\/revisions"}],"predecessor-version":[{"id":1107,"href":"https:\/\/nmszistersdorf.ac.at\/index.php?rest_route=\/wp\/v2\/pages\/219\/revisions\/1107"}],"wp:attachment":[{"href":"https:\/\/nmszistersdorf.ac.at\/index.php?rest_route=%2Fwp%2Fv2%2Fmedia&parent=219"}],"curies":[{"name":"wp","href":"https:\/\/api.w.org\/{rel}","templated":true}]}}